{"id":1649,"date":"2017-11-23T13:08:14","date_gmt":"2017-11-23T13:08:14","guid":{"rendered":"http:\/\/luiscarnicero.es\/?page_id=1649"},"modified":"2017-11-23T15:30:26","modified_gmt":"2017-11-23T15:30:26","slug":"templos-del-otono-2","status":"publish","type":"page","link":"https:\/\/luiscarnicero.es\/?page_id=1649","title":{"rendered":"Templos del Oto\u00f1o"},"content":{"rendered":"<p><a class=\"LightBox\" title=\"Templos del oto\u00f1o - LUIS CARNICERO\" href=\"http:\/\/zetaestaticos.com\/leon\/img\/noticias\/1\/204\/1204393_1.jpg\"><img decoding=\"async\" title=\"Templos del oto\u00f1o - LUIS CARNICERO\" src=\"http:\/\/zetaestaticos.com\/leon\/img\/noticias\/1\/204\/1204393_1.jpg\" alt=\"Templos del oto\u00f1o - LUIS CARNICERO\" width=\"100%\" \/><\/a><\/p>\n<p>Vuelvo con cada estaci\u00f3n a orillas del \u00d3rbigo, a la volumetr\u00eda de los chopos, al ef\u00edmero espacio de su ajedrez sagrado -yo mismo corto en d\u00edas erigido- entre Fuerza de tierra entregada y Belleza de fuegos verdes robados: universo y granada<\/p>\n<p>Desgajados ya los pendientes estrellados, desvanecida la espiral de los p\u00e1jaros, solo la sombra del r\u00edo desvela, horizontal, en la humedad del plantel, el don de la claridad, y eleva su m\u00fasica diagonal desde lo profundo hasta lo alto de las hileras, hasta las verticales que fugan hacia los capiteles de un friso arrancado del mito de Faet\u00f3n, como en hilaturas de rayos.<\/p>\n<p>Entro en la sala hip\u00f3stila encendida, como por un p\u00f3rtico grandioso hundido en la tierra, y el ritmo humilde de ir arrastrando los pies despeja el misterio de traspasar mundos: tantas puertas distintas abiertas y parece una sola dando a un retablo que ocupa, de oriente a occidente, con signos y s\u00edmbolos del conocimiento, la base del cielo<\/p>\n<p>Encerrado en la luz, qu\u00e9 revelaci\u00f3n la de estas columnas que se inclinan levemente para ensayar en armon\u00eda, en tri\u00e1ngulos de luz, cada una su Calder inverso; qu\u00e9 revelaci\u00f3n la de esta alfombra que ayer fuera de oro y hoy protege al barro; qu\u00e9 testimonio el de estos corazones sigilosos que no sue\u00f1an senderos abiertos sino ocultos, de entrega, y la mano del oto\u00f1o despejando las ramas para que sientan con el fr\u00edo el adormecimiento del azul.<\/p>\n<p>Ha ca\u00eddo la primera helada sobre sus hojas muertas y mis ojos. Resuenan mis pasos perdidos sobre sus troncos y sobre rostros oxidados de ocre ceniciento, y sobre cristales de sed y de escarcha: sus ra\u00edces aliviando el suelo olvidado e improductivo\u2026 y mi piel queriendo reflejar su alma tan tierna y tan blanca; su rumor cautivando la maleza\u2026 y mi voz ensayando pasiones y rezos; sus formas trenzando el aire\u2026 y mi so\u00f1ar olvidando metales\u2026 los chopos y yo, ansiando penetrar en la Nube, enhebrando la Noche, esperando la Nieve, anidando el Adi\u00f3s.<\/p>\n","protected":false},"excerpt":{"rendered":"<p>Vuelvo con cada estaci\u00f3n a orillas del \u00d3rbigo, a la volumetr\u00eda de los chopos, al ef\u00edmero espacio de su ajedrez sagrado -yo mismo corto en d\u00edas erigido- entre Fuerza de tierra entregada y Belleza de fuegos verdes robados: universo y granada Desgajados ya los pendientes estrellados, desvanecida la espiral de los p\u00e1jaros, solo la sombra [&hellip;]<\/p>\n","protected":false},"author":1,"featured_media":0,"parent":0,"menu_order":0,"comment_status":"closed","ping_status":"open","template":"","meta":{"footnotes":""},"class_list":["post-1649","page","type-page","status-publish","hentry"],"yoast_head":"<!-- This site is optimized with the Yoast SEO plugin v26.7 - https:\/\/yoast.com\/wordpress\/plugins\/seo\/ -->\n<title>Templos del Oto\u00f1o - Luis Carnicero<\/title>\n<meta name=\"robots\" content=\"index, follow, max-snippet:-1, max-image-preview:large, max-video-preview:-1\" \/>\n<link rel=\"canonical\" href=\"https:\/\/luiscarnicero.es\/?page_id=1649\" \/>\n<meta property=\"og:locale\" content=\"es_ES\" \/>\n<meta property=\"og:type\" content=\"article\" \/>\n<meta property=\"og:title\" content=\"Templos del Oto\u00f1o - Luis Carnicero\" \/>\n<meta property=\"og:description\" content=\"Vuelvo con cada estaci\u00f3n a orillas del \u00d3rbigo, a la volumetr\u00eda de los chopos, al ef\u00edmero espacio de su ajedrez sagrado -yo mismo corto en d\u00edas erigido- entre Fuerza de tierra entregada y Belleza de fuegos verdes robados: universo y granada Desgajados ya los pendientes estrellados, desvanecida la espiral de los p\u00e1jaros, solo la sombra [&hellip;]\" \/>\n<meta property=\"og:url\" content=\"https:\/\/luiscarnicero.es\/?page_id=1649\" \/>\n<meta property=\"og:site_name\" content=\"Luis Carnicero\" \/>\n<meta property=\"article:modified_time\" content=\"2017-11-23T15:30:26+00:00\" \/>\n<meta property=\"og:image\" content=\"http:\/\/zetaestaticos.com\/leon\/img\/noticias\/1\/204\/1204393_1.jpg\" \/>\n<meta name=\"twitter:card\" content=\"summary_large_image\" \/>\n<meta name=\"twitter:label1\" content=\"Tiempo de lectura\" \/>\n\t<meta name=\"twitter:data1\" content=\"2 minutos\" \/>\n<script type=\"application\/ld+json\" class=\"yoast-schema-graph\">{\"@context\":\"https:\/\/schema.org\",\"@graph\":[{\"@type\":\"WebPage\",\"@id\":\"https:\/\/luiscarnicero.es\/?page_id=1649\",\"url\":\"https:\/\/luiscarnicero.es\/?page_id=1649\",\"name\":\"Templos del Oto\u00f1o - Luis Carnicero\",\"isPartOf\":{\"@id\":\"https:\/\/luiscarnicero.es\/#website\"},\"primaryImageOfPage\":{\"@id\":\"https:\/\/luiscarnicero.es\/?page_id=1649#primaryimage\"},\"image\":{\"@id\":\"https:\/\/luiscarnicero.es\/?page_id=1649#primaryimage\"},\"thumbnailUrl\":\"http:\/\/zetaestaticos.com\/leon\/img\/noticias\/1\/204\/1204393_1.jpg\",\"datePublished\":\"2017-11-23T13:08:14+00:00\",\"dateModified\":\"2017-11-23T15:30:26+00:00\",\"breadcrumb\":{\"@id\":\"https:\/\/luiscarnicero.es\/?page_id=1649#breadcrumb\"},\"inLanguage\":\"es\",\"potentialAction\":[{\"@type\":\"ReadAction\",\"target\":[\"https:\/\/luiscarnicero.es\/?page_id=1649\"]}]},{\"@type\":\"ImageObject\",\"inLanguage\":\"es\",\"@id\":\"https:\/\/luiscarnicero.es\/?page_id=1649#primaryimage\",\"url\":\"http:\/\/zetaestaticos.com\/leon\/img\/noticias\/1\/204\/1204393_1.jpg\",\"contentUrl\":\"http:\/\/zetaestaticos.com\/leon\/img\/noticias\/1\/204\/1204393_1.jpg\"},{\"@type\":\"BreadcrumbList\",\"@id\":\"https:\/\/luiscarnicero.es\/?page_id=1649#breadcrumb\",\"itemListElement\":[{\"@type\":\"ListItem\",\"position\":1,\"name\":\"Portada\",\"item\":\"https:\/\/luiscarnicero.es\/\"},{\"@type\":\"ListItem\",\"position\":2,\"name\":\"Templos del Oto\u00f1o\"}]},{\"@type\":\"WebSite\",\"@id\":\"https:\/\/luiscarnicero.es\/#website\",\"url\":\"https:\/\/luiscarnicero.es\/\",\"name\":\"Luis Carnicero\",\"description\":\"Arquitecto y poeta\",\"potentialAction\":[{\"@type\":\"SearchAction\",\"target\":{\"@type\":\"EntryPoint\",\"urlTemplate\":\"https:\/\/luiscarnicero.es\/?s={search_term_string}\"},\"query-input\":{\"@type\":\"PropertyValueSpecification\",\"valueRequired\":true,\"valueName\":\"search_term_string\"}}],\"inLanguage\":\"es\"}]}<\/script>\n<!-- \/ Yoast SEO plugin. -->","yoast_head_json":{"title":"Templos del Oto\u00f1o - Luis Carnicero","robots":{"index":"index","follow":"follow","max-snippet":"max-snippet:-1","max-image-preview":"max-image-preview:large","max-video-preview":"max-video-preview:-1"},"canonical":"https:\/\/luiscarnicero.es\/?page_id=1649","og_locale":"es_ES","og_type":"article","og_title":"Templos del Oto\u00f1o - Luis Carnicero","og_description":"Vuelvo con cada estaci\u00f3n a orillas del \u00d3rbigo, a la volumetr\u00eda de los chopos, al ef\u00edmero espacio de su ajedrez sagrado -yo mismo corto en d\u00edas erigido- entre Fuerza de tierra entregada y Belleza de fuegos verdes robados: universo y granada Desgajados ya los pendientes estrellados, desvanecida la espiral de los p\u00e1jaros, solo la sombra [&hellip;]","og_url":"https:\/\/luiscarnicero.es\/?page_id=1649","og_site_name":"Luis Carnicero","article_modified_time":"2017-11-23T15:30:26+00:00","og_image":[{"url":"http:\/\/zetaestaticos.com\/leon\/img\/noticias\/1\/204\/1204393_1.jpg","type":"","width":"","height":""}],"twitter_card":"summary_large_image","twitter_misc":{"Tiempo de lectura":"2 minutos"},"schema":{"@context":"https:\/\/schema.org","@graph":[{"@type":"WebPage","@id":"https:\/\/luiscarnicero.es\/?page_id=1649","url":"https:\/\/luiscarnicero.es\/?page_id=1649","name":"Templos del Oto\u00f1o - Luis Carnicero","isPartOf":{"@id":"https:\/\/luiscarnicero.es\/#website"},"primaryImageOfPage":{"@id":"https:\/\/luiscarnicero.es\/?page_id=1649#primaryimage"},"image":{"@id":"https:\/\/luiscarnicero.es\/?page_id=1649#primaryimage"},"thumbnailUrl":"http:\/\/zetaestaticos.com\/leon\/img\/noticias\/1\/204\/1204393_1.jpg","datePublished":"2017-11-23T13:08:14+00:00","dateModified":"2017-11-23T15:30:26+00:00","breadcrumb":{"@id":"https:\/\/luiscarnicero.es\/?page_id=1649#breadcrumb"},"inLanguage":"es","potentialAction":[{"@type":"ReadAction","target":["https:\/\/luiscarnicero.es\/?page_id=1649"]}]},{"@type":"ImageObject","inLanguage":"es","@id":"https:\/\/luiscarnicero.es\/?page_id=1649#primaryimage","url":"http:\/\/zetaestaticos.com\/leon\/img\/noticias\/1\/204\/1204393_1.jpg","contentUrl":"http:\/\/zetaestaticos.com\/leon\/img\/noticias\/1\/204\/1204393_1.jpg"},{"@type":"BreadcrumbList","@id":"https:\/\/luiscarnicero.es\/?page_id=1649#breadcrumb","itemListElement":[{"@type":"ListItem","position":1,"name":"Portada","item":"https:\/\/luiscarnicero.es\/"},{"@type":"ListItem","position":2,"name":"Templos del Oto\u00f1o"}]},{"@type":"WebSite","@id":"https:\/\/luiscarnicero.es\/#website","url":"https:\/\/luiscarnicero.es\/","name":"Luis Carnicero","description":"Arquitecto y poeta","potentialAction":[{"@type":"SearchAction","target":{"@type":"EntryPoint","urlTemplate":"https:\/\/luiscarnicero.es\/?s={search_term_string}"},"query-input":{"@type":"PropertyValueSpecification","valueRequired":true,"valueName":"search_term_string"}}],"inLanguage":"es"}]}},"_links":{"self":[{"href":"https:\/\/luiscarnicero.es\/index.php?rest_route=\/wp\/v2\/pages\/1649","targetHints":{"allow":["GET"]}}],"collection":[{"href":"https:\/\/luiscarnicero.es\/index.php?rest_route=\/wp\/v2\/pages"}],"about":[{"href":"https:\/\/luiscarnicero.es\/index.php?rest_route=\/wp\/v2\/types\/page"}],"author":[{"embeddable":true,"href":"https:\/\/luiscarnicero.es\/index.php?rest_route=\/wp\/v2\/users\/1"}],"replies":[{"embeddable":true,"href":"https:\/\/luiscarnicero.es\/index.php?rest_route=%2Fwp%2Fv2%2Fcomments&post=1649"}],"version-history":[{"count":5,"href":"https:\/\/luiscarnicero.es\/index.php?rest_route=\/wp\/v2\/pages\/1649\/revisions"}],"predecessor-version":[{"id":1685,"href":"https:\/\/luiscarnicero.es\/index.php?rest_route=\/wp\/v2\/pages\/1649\/revisions\/1685"}],"wp:attachment":[{"href":"https:\/\/luiscarnicero.es\/index.php?rest_route=%2Fwp%2Fv2%2Fmedia&parent=1649"}],"curies":[{"name":"wp","href":"https:\/\/api.w.org\/{rel}","templated":true}]}}

Templos del Otoño

<p><a class="LightBox" title="Templos del otoño - LUIS CARNICERO" href="http://zetaestaticos.com/leon/img/noticias/1/204/1204393_1.jpg"><img decoding="async" title="Templos del otoño - LUIS CARNICERO" src="http://zetaestaticos.com/leon/img/noticias/1/204/1204393_1.jpg" alt="Templos del otoño - LUIS CARNICERO" width="100%" /></a></p>
<p>Vuelvo con cada estación a orillas del Órbigo, a la volumetría de los chopos, al efímero espacio de su ajedrez sagrado -yo mismo corto en días erigido- entre Fuerza de tierra entregada y Belleza de fuegos verdes robados: universo y granada</p>
<p>Desgajados ya los pendientes estrellados, desvanecida la espiral de los pájaros, solo la sombra del río desvela, horizontal, en la humedad del plantel, el don de la claridad, y eleva su música diagonal desde lo profundo hasta lo alto de las hileras, hasta las verticales que fugan hacia los capiteles de un friso arrancado del mito de Faetón, como en hilaturas de rayos.</p>
<p>Entro en la sala hipóstila encendida, como por un pórtico grandioso hundido en la tierra, y el ritmo humilde de ir arrastrando los pies despeja el misterio de traspasar mundos: tantas puertas distintas abiertas y parece una sola dando a un retablo que ocupa, de oriente a occidente, con signos y símbolos del conocimiento, la base del cielo</p>
<p>Encerrado en la luz, qué revelación la de estas columnas que se inclinan levemente para ensayar en armonía, en triángulos de luz, cada una su Calder inverso; qué revelación la de esta alfombra que ayer fuera de oro y hoy protege al barro; qué testimonio el de estos corazones sigilosos que no sueñan senderos abiertos sino ocultos, de entrega, y la mano del otoño despejando las ramas para que sientan con el frío el adormecimiento del azul.</p>
<p>Ha caído la primera helada sobre sus hojas muertas y mis ojos. Resuenan mis pasos perdidos sobre sus troncos y sobre rostros oxidados de ocre ceniciento, y sobre cristales de sed y de escarcha: sus raíces aliviando el suelo olvidado e improductivo… y mi piel queriendo reflejar su alma tan tierna y tan blanca; su rumor cautivando la maleza… y mi voz ensayando pasiones y rezos; sus formas trenzando el aire… y mi soñar olvidando metales… los chopos y yo, ansiando penetrar en la Nube, enhebrando la Noche, esperando la Nieve, anidando el Adiós.</p>

<p>Vuelvo con cada estación a orillas del Órbigo, a la volumetría de los chopos, al efímero espacio de su ajedrez sagrado -yo mismo corto en días erigido- entre Fuerza de tierra entregada y Belleza de fuegos verdes robados: universo y granada Desgajados ya los pendientes estrellados, desvanecida la espiral de los pájaros, solo la sombra [&hellip;]</p>

<!-- This site is optimized with the Yoast SEO plugin v26.7 - https://yoast.com/wordpress/plugins/seo/ -->
<title>Templos del Otoño - Luis Carnicero</title>
<meta name="robots" content="index, follow, max-snippet:-1, max-image-preview:large, max-video-preview:-1" />
<link rel="canonical" href="https://luiscarnicero.es/?page_id=1649" />
<meta property="og:locale" content="es_ES" />
<meta property="og:type" content="article" />
<meta property="og:title" content="Templos del Otoño - Luis Carnicero" />
<meta property="og:description" content="Vuelvo con cada estación a orillas del Órbigo, a la volumetría de los chopos, al efímero espacio de su ajedrez sagrado -yo mismo corto en días erigido- entre Fuerza de tierra entregada y Belleza de fuegos verdes robados: universo y granada Desgajados ya los pendientes estrellados, desvanecida la espiral de los pájaros, solo la sombra [&hellip;]" />
<meta property="og:url" content="https://luiscarnicero.es/?page_id=1649" />
<meta property="og:site_name" content="Luis Carnicero" />
<meta property="article:modified_time" content="2017-11-23T15:30:26+00:00" />
<meta property="og:image" content="http://zetaestaticos.com/leon/img/noticias/1/204/1204393_1.jpg" />
<meta name="twitter:card" content="summary_large_image" />
<meta name="twitter:label1" content="Tiempo de lectura" />
	<meta name="twitter:data1" content="2 minutos" />
<script type="application/ld+json" class="yoast-schema-graph">{"@context":"https://schema.org","@graph":[{"@type":"WebPage","@id":"https://luiscarnicero.es/?page_id=1649","url":"https://luiscarnicero.es/?page_id=1649","name":"Templos del Otoño - Luis Carnicero","isPartOf":{"@id":"https://luiscarnicero.es/#website"},"primaryImageOfPage":{"@id":"https://luiscarnicero.es/?page_id=1649#primaryimage"},"image":{"@id":"https://luiscarnicero.es/?page_id=1649#primaryimage"},"thumbnailUrl":"http://zetaestaticos.com/leon/img/noticias/1/204/1204393_1.jpg","datePublished":"2017-11-23T13:08:14+00:00","dateModified":"2017-11-23T15:30:26+00:00","breadcrumb":{"@id":"https://luiscarnicero.es/?page_id=1649#breadcrumb"},"inLanguage":"es","potentialAction":[{"@type":"ReadAction","target":["https://luiscarnicero.es/?page_id=1649"]}]},{"@type":"ImageObject","inLanguage":"es","@id":"https://luiscarnicero.es/?page_id=1649#primaryimage","url":"http://zetaestaticos.com/leon/img/noticias/1/204/1204393_1.jpg","contentUrl":"http://zetaestaticos.com/leon/img/noticias/1/204/1204393_1.jpg"},{"@type":"BreadcrumbList","@id":"https://luiscarnicero.es/?page_id=1649#breadcrumb","itemListElement":[{"@type":"ListItem","position":1,"name":"Portada","item":"https://luiscarnicero.es/"},{"@type":"ListItem","position":2,"name":"Templos del Otoño"}]},{"@type":"WebSite","@id":"https://luiscarnicero.es/#website","url":"https://luiscarnicero.es/","name":"Luis Carnicero","description":"Arquitecto y poeta","potentialAction":[{"@type":"SearchAction","target":{"@type":"EntryPoint","urlTemplate":"https://luiscarnicero.es/?s={search_term_string}"},"query-input":{"@type":"PropertyValueSpecification","valueRequired":true,"valueName":"search_term_string"}}],"inLanguage":"es"}]}</script>
<!-- / Yoast SEO plugin. -->

Templos del Otoño - Luis Carnicero

Vuelvo con cada estación a orillas del Órbigo, a la volumetría de los chopos, al efímero espacio de su ajedrez sagrado -yo mismo corto en días erigido- entre Fuerza de tierra entregada y Belleza de fuegos verdes robados: universo y granada Desgajados ya los pendientes estrellados, desvanecida la espiral de los pájaros, solo la sombra [&hellip;]
