{"id":1669,"date":"2017-11-23T15:20:23","date_gmt":"2017-11-23T15:20:23","guid":{"rendered":"http:\/\/luiscarnicero.es\/?page_id=1669"},"modified":"2017-11-23T15:31:33","modified_gmt":"2017-11-23T15:31:33","slug":"un-pozo-y-4-espejos-selenicos-2","status":"publish","type":"page","link":"https:\/\/luiscarnicero.es\/?page_id=1669","title":{"rendered":"Un Pozo y Cuatro Espejos Sel\u00e9nicos"},"content":{"rendered":"<p>&nbsp;<\/p>\n<p><a class=\"LightBox\" title=\"LUIS CARNICERO - \" href=\"http:\/\/zetaestaticos.com\/leon\/img\/noticias\/1\/202\/1202567_1.jpg\"><img decoding=\"async\" title=\"LUIS CARNICERO - \" src=\"http:\/\/zetaestaticos.com\/leon\/img\/noticias\/1\/202\/1202567_1.jpg\" alt=\"LUIS CARNICERO - \" width=\"100%\" \/><\/a><\/p>\n<p>Acaso lo intu\u00ed, o lo so\u00f1\u00e9, al verla: todo cuanto existe es forma nombrada en un paisaje, y la realidad no es sino la representaci\u00f3n que nos hacemos, c\u00e1mara oscura, pura visualidad.<\/p>\n<p>Fue en una atardecida, de muchacho. Tras haber mirado desde lo alto la provincia \u2014desde uno de los dos pechos del Oma\u00f1a\u2014 descend\u00ed con ella y contempl\u00e9 su imagen y la m\u00eda reflejadas en una fuente de Montrondo.<\/p>\n<p>Desde entonces, he observado su piel especular, esperando que posara en m\u00ed sus ojos fulgiendo en noches de certeza, dudando en d\u00edas de nubes, de selvas de \u00e1ngeles: gatos o cerezas.<\/p>\n<p>Desde entonces he traspasado sus espejos: he seguido, cotidianos, lo ficticio y lo real, sus cambiantes perfiles, empeque\u00f1eciendo yo tambi\u00e9n con destino al oeste, a Cabrera, a los mitos y los signos, a la escalera del Teleno; la he encontrado en el Valle del Silencio, prendida en un camino hechizado, en gozos de negrura rezada o enmohecida en piedra que eleva, escondi\u00e9ndose hasta ser nada, y no pod\u00eda describirla; he subido al Pico de la Cruz, para sentir su magia renaciendo de vida cegada, o de muerte despierta, entre enigmas que ocultara en el Valle el agua del Pantano; y he ido hasta Ca\u00edn para entregarme errabundo al Cares, laberinto de garganta amurallada, hasta llegar al Canal de Trea, por Puente Bol\u00edn y ascender al Jultayu para divisarla en Torrecerredo, y enmarcarla al raso sobre cumbres, omnisciente diosa, alqu\u00edmico astro, verbo y metal, de cara a veces n\u00edvea de luz, o sin sombras ebria; azul, roja, ensangrentada, o cenicienta \u2014reflejado el mundo en ella\u2014 abismal: luna primera<\/p>\n<p>\u00a1Pozo y espejos alzados en la infancia, decrecimiento un d\u00eda, ocultaci\u00f3n\u2026 renacen a la plenitud! Tierra y memoria en los sue\u00f1os de creaci\u00f3n son de igual pureza. Ah, realista Luna de Borges, so\u00f1ada de Kepler, eterna de Jan van Eyck junto a cuerpos en Cruz, que Endimion os vea.<\/p>\n<p>El presente no existe; el futuro es un suspiro y, el pasado, un armario de Luna.<\/p>\n","protected":false},"excerpt":{"rendered":"<p>&nbsp; Acaso lo intu\u00ed, o lo so\u00f1\u00e9, al verla: todo cuanto existe es forma nombrada en un paisaje, y la realidad no es sino la representaci\u00f3n que nos hacemos, c\u00e1mara oscura, pura visualidad. Fue en una atardecida, de muchacho. Tras haber mirado desde lo alto la provincia \u2014desde uno de los dos pechos del Oma\u00f1a\u2014 [&hellip;]<\/p>\n","protected":false},"author":1,"featured_media":0,"parent":0,"menu_order":0,"comment_status":"closed","ping_status":"open","template":"","meta":{"footnotes":""},"class_list":["post-1669","page","type-page","status-publish","hentry"],"yoast_head":"<!-- This site is optimized with the Yoast SEO plugin v26.7 - https:\/\/yoast.com\/wordpress\/plugins\/seo\/ -->\n<title>Un Pozo y Cuatro Espejos Sel\u00e9nicos - Luis Carnicero<\/title>\n<meta name=\"robots\" content=\"index, follow, max-snippet:-1, max-image-preview:large, max-video-preview:-1\" \/>\n<link rel=\"canonical\" href=\"https:\/\/luiscarnicero.es\/?page_id=1669\" \/>\n<meta property=\"og:locale\" content=\"es_ES\" \/>\n<meta property=\"og:type\" content=\"article\" \/>\n<meta property=\"og:title\" content=\"Un Pozo y Cuatro Espejos Sel\u00e9nicos - Luis Carnicero\" \/>\n<meta property=\"og:description\" content=\"&nbsp; Acaso lo intu\u00ed, o lo so\u00f1\u00e9, al verla: todo cuanto existe es forma nombrada en un paisaje, y la realidad no es sino la representaci\u00f3n que nos hacemos, c\u00e1mara oscura, pura visualidad. Fue en una atardecida, de muchacho. Tras haber mirado desde lo alto la provincia \u2014desde uno de los dos pechos del Oma\u00f1a\u2014 [&hellip;]\" \/>\n<meta property=\"og:url\" content=\"https:\/\/luiscarnicero.es\/?page_id=1669\" \/>\n<meta property=\"og:site_name\" content=\"Luis Carnicero\" \/>\n<meta property=\"article:modified_time\" content=\"2017-11-23T15:31:33+00:00\" \/>\n<meta property=\"og:image\" content=\"http:\/\/zetaestaticos.com\/leon\/img\/noticias\/1\/202\/1202567_1.jpg\" \/>\n<meta name=\"twitter:card\" content=\"summary_large_image\" \/>\n<meta name=\"twitter:label1\" content=\"Tiempo de lectura\" \/>\n\t<meta name=\"twitter:data1\" content=\"2 minutos\" \/>\n<script type=\"application\/ld+json\" class=\"yoast-schema-graph\">{\"@context\":\"https:\/\/schema.org\",\"@graph\":[{\"@type\":\"WebPage\",\"@id\":\"https:\/\/luiscarnicero.es\/?page_id=1669\",\"url\":\"https:\/\/luiscarnicero.es\/?page_id=1669\",\"name\":\"Un Pozo y Cuatro Espejos Sel\u00e9nicos - Luis Carnicero\",\"isPartOf\":{\"@id\":\"https:\/\/luiscarnicero.es\/#website\"},\"primaryImageOfPage\":{\"@id\":\"https:\/\/luiscarnicero.es\/?page_id=1669#primaryimage\"},\"image\":{\"@id\":\"https:\/\/luiscarnicero.es\/?page_id=1669#primaryimage\"},\"thumbnailUrl\":\"http:\/\/zetaestaticos.com\/leon\/img\/noticias\/1\/202\/1202567_1.jpg\",\"datePublished\":\"2017-11-23T15:20:23+00:00\",\"dateModified\":\"2017-11-23T15:31:33+00:00\",\"breadcrumb\":{\"@id\":\"https:\/\/luiscarnicero.es\/?page_id=1669#breadcrumb\"},\"inLanguage\":\"es\",\"potentialAction\":[{\"@type\":\"ReadAction\",\"target\":[\"https:\/\/luiscarnicero.es\/?page_id=1669\"]}]},{\"@type\":\"ImageObject\",\"inLanguage\":\"es\",\"@id\":\"https:\/\/luiscarnicero.es\/?page_id=1669#primaryimage\",\"url\":\"http:\/\/zetaestaticos.com\/leon\/img\/noticias\/1\/202\/1202567_1.jpg\",\"contentUrl\":\"http:\/\/zetaestaticos.com\/leon\/img\/noticias\/1\/202\/1202567_1.jpg\"},{\"@type\":\"BreadcrumbList\",\"@id\":\"https:\/\/luiscarnicero.es\/?page_id=1669#breadcrumb\",\"itemListElement\":[{\"@type\":\"ListItem\",\"position\":1,\"name\":\"Portada\",\"item\":\"https:\/\/luiscarnicero.es\/\"},{\"@type\":\"ListItem\",\"position\":2,\"name\":\"Un Pozo y Cuatro Espejos Sel\u00e9nicos\"}]},{\"@type\":\"WebSite\",\"@id\":\"https:\/\/luiscarnicero.es\/#website\",\"url\":\"https:\/\/luiscarnicero.es\/\",\"name\":\"Luis Carnicero\",\"description\":\"Arquitecto y poeta\",\"potentialAction\":[{\"@type\":\"SearchAction\",\"target\":{\"@type\":\"EntryPoint\",\"urlTemplate\":\"https:\/\/luiscarnicero.es\/?s={search_term_string}\"},\"query-input\":{\"@type\":\"PropertyValueSpecification\",\"valueRequired\":true,\"valueName\":\"search_term_string\"}}],\"inLanguage\":\"es\"}]}<\/script>\n<!-- \/ Yoast SEO plugin. -->","yoast_head_json":{"title":"Un Pozo y Cuatro Espejos Sel\u00e9nicos - Luis Carnicero","robots":{"index":"index","follow":"follow","max-snippet":"max-snippet:-1","max-image-preview":"max-image-preview:large","max-video-preview":"max-video-preview:-1"},"canonical":"https:\/\/luiscarnicero.es\/?page_id=1669","og_locale":"es_ES","og_type":"article","og_title":"Un Pozo y Cuatro Espejos Sel\u00e9nicos - Luis Carnicero","og_description":"&nbsp; Acaso lo intu\u00ed, o lo so\u00f1\u00e9, al verla: todo cuanto existe es forma nombrada en un paisaje, y la realidad no es sino la representaci\u00f3n que nos hacemos, c\u00e1mara oscura, pura visualidad. Fue en una atardecida, de muchacho. Tras haber mirado desde lo alto la provincia \u2014desde uno de los dos pechos del Oma\u00f1a\u2014 [&hellip;]","og_url":"https:\/\/luiscarnicero.es\/?page_id=1669","og_site_name":"Luis Carnicero","article_modified_time":"2017-11-23T15:31:33+00:00","og_image":[{"url":"http:\/\/zetaestaticos.com\/leon\/img\/noticias\/1\/202\/1202567_1.jpg","type":"","width":"","height":""}],"twitter_card":"summary_large_image","twitter_misc":{"Tiempo de lectura":"2 minutos"},"schema":{"@context":"https:\/\/schema.org","@graph":[{"@type":"WebPage","@id":"https:\/\/luiscarnicero.es\/?page_id=1669","url":"https:\/\/luiscarnicero.es\/?page_id=1669","name":"Un Pozo y Cuatro Espejos Sel\u00e9nicos - Luis Carnicero","isPartOf":{"@id":"https:\/\/luiscarnicero.es\/#website"},"primaryImageOfPage":{"@id":"https:\/\/luiscarnicero.es\/?page_id=1669#primaryimage"},"image":{"@id":"https:\/\/luiscarnicero.es\/?page_id=1669#primaryimage"},"thumbnailUrl":"http:\/\/zetaestaticos.com\/leon\/img\/noticias\/1\/202\/1202567_1.jpg","datePublished":"2017-11-23T15:20:23+00:00","dateModified":"2017-11-23T15:31:33+00:00","breadcrumb":{"@id":"https:\/\/luiscarnicero.es\/?page_id=1669#breadcrumb"},"inLanguage":"es","potentialAction":[{"@type":"ReadAction","target":["https:\/\/luiscarnicero.es\/?page_id=1669"]}]},{"@type":"ImageObject","inLanguage":"es","@id":"https:\/\/luiscarnicero.es\/?page_id=1669#primaryimage","url":"http:\/\/zetaestaticos.com\/leon\/img\/noticias\/1\/202\/1202567_1.jpg","contentUrl":"http:\/\/zetaestaticos.com\/leon\/img\/noticias\/1\/202\/1202567_1.jpg"},{"@type":"BreadcrumbList","@id":"https:\/\/luiscarnicero.es\/?page_id=1669#breadcrumb","itemListElement":[{"@type":"ListItem","position":1,"name":"Portada","item":"https:\/\/luiscarnicero.es\/"},{"@type":"ListItem","position":2,"name":"Un Pozo y Cuatro Espejos Sel\u00e9nicos"}]},{"@type":"WebSite","@id":"https:\/\/luiscarnicero.es\/#website","url":"https:\/\/luiscarnicero.es\/","name":"Luis Carnicero","description":"Arquitecto y poeta","potentialAction":[{"@type":"SearchAction","target":{"@type":"EntryPoint","urlTemplate":"https:\/\/luiscarnicero.es\/?s={search_term_string}"},"query-input":{"@type":"PropertyValueSpecification","valueRequired":true,"valueName":"search_term_string"}}],"inLanguage":"es"}]}},"_links":{"self":[{"href":"https:\/\/luiscarnicero.es\/index.php?rest_route=\/wp\/v2\/pages\/1669","targetHints":{"allow":["GET"]}}],"collection":[{"href":"https:\/\/luiscarnicero.es\/index.php?rest_route=\/wp\/v2\/pages"}],"about":[{"href":"https:\/\/luiscarnicero.es\/index.php?rest_route=\/wp\/v2\/types\/page"}],"author":[{"embeddable":true,"href":"https:\/\/luiscarnicero.es\/index.php?rest_route=\/wp\/v2\/users\/1"}],"replies":[{"embeddable":true,"href":"https:\/\/luiscarnicero.es\/index.php?rest_route=%2Fwp%2Fv2%2Fcomments&post=1669"}],"version-history":[{"count":5,"href":"https:\/\/luiscarnicero.es\/index.php?rest_route=\/wp\/v2\/pages\/1669\/revisions"}],"predecessor-version":[{"id":1687,"href":"https:\/\/luiscarnicero.es\/index.php?rest_route=\/wp\/v2\/pages\/1669\/revisions\/1687"}],"wp:attachment":[{"href":"https:\/\/luiscarnicero.es\/index.php?rest_route=%2Fwp%2Fv2%2Fmedia&parent=1669"}],"curies":[{"name":"wp","href":"https:\/\/api.w.org\/{rel}","templated":true}]}}

Un Pozo y Cuatro Espejos Selénicos

<p>&nbsp;</p>
<p><a class="LightBox" title="LUIS CARNICERO - " href="http://zetaestaticos.com/leon/img/noticias/1/202/1202567_1.jpg"><img decoding="async" title="LUIS CARNICERO - " src="http://zetaestaticos.com/leon/img/noticias/1/202/1202567_1.jpg" alt="LUIS CARNICERO - " width="100%" /></a></p>
<p>Acaso lo intuí, o lo soñé, al verla: todo cuanto existe es forma nombrada en un paisaje, y la realidad no es sino la representación que nos hacemos, cámara oscura, pura visualidad.</p>
<p>Fue en una atardecida, de muchacho. Tras haber mirado desde lo alto la provincia —desde uno de los dos pechos del Omaña— descendí con ella y contemplé su imagen y la mía reflejadas en una fuente de Montrondo.</p>
<p>Desde entonces, he observado su piel especular, esperando que posara en mí sus ojos fulgiendo en noches de certeza, dudando en días de nubes, de selvas de ángeles: gatos o cerezas.</p>
<p>Desde entonces he traspasado sus espejos: he seguido, cotidianos, lo ficticio y lo real, sus cambiantes perfiles, empequeñeciendo yo también con destino al oeste, a Cabrera, a los mitos y los signos, a la escalera del Teleno; la he encontrado en el Valle del Silencio, prendida en un camino hechizado, en gozos de negrura rezada o enmohecida en piedra que eleva, escondiéndose hasta ser nada, y no podía describirla; he subido al Pico de la Cruz, para sentir su magia renaciendo de vida cegada, o de muerte despierta, entre enigmas que ocultara en el Valle el agua del Pantano; y he ido hasta Caín para entregarme errabundo al Cares, laberinto de garganta amurallada, hasta llegar al Canal de Trea, por Puente Bolín y ascender al Jultayu para divisarla en Torrecerredo, y enmarcarla al raso sobre cumbres, omnisciente diosa, alquímico astro, verbo y metal, de cara a veces nívea de luz, o sin sombras ebria; azul, roja, ensangrentada, o cenicienta —reflejado el mundo en ella— abismal: luna primera</p>
<p>¡Pozo y espejos alzados en la infancia, decrecimiento un día, ocultación… renacen a la plenitud! Tierra y memoria en los sueños de creación son de igual pureza. Ah, realista Luna de Borges, soñada de Kepler, eterna de Jan van Eyck junto a cuerpos en Cruz, que Endimion os vea.</p>
<p>El presente no existe; el futuro es un suspiro y, el pasado, un armario de Luna.</p>

<p>&nbsp; Acaso lo intuí, o lo soñé, al verla: todo cuanto existe es forma nombrada en un paisaje, y la realidad no es sino la representación que nos hacemos, cámara oscura, pura visualidad. Fue en una atardecida, de muchacho. Tras haber mirado desde lo alto la provincia —desde uno de los dos pechos del Omaña— [&hellip;]</p>

<!-- This site is optimized with the Yoast SEO plugin v26.7 - https://yoast.com/wordpress/plugins/seo/ -->
<title>Un Pozo y Cuatro Espejos Selénicos - Luis Carnicero</title>
<meta name="robots" content="index, follow, max-snippet:-1, max-image-preview:large, max-video-preview:-1" />
<link rel="canonical" href="https://luiscarnicero.es/?page_id=1669" />
<meta property="og:locale" content="es_ES" />
<meta property="og:type" content="article" />
<meta property="og:title" content="Un Pozo y Cuatro Espejos Selénicos - Luis Carnicero" />
<meta property="og:description" content="&nbsp; Acaso lo intuí, o lo soñé, al verla: todo cuanto existe es forma nombrada en un paisaje, y la realidad no es sino la representación que nos hacemos, cámara oscura, pura visualidad. Fue en una atardecida, de muchacho. Tras haber mirado desde lo alto la provincia —desde uno de los dos pechos del Omaña— [&hellip;]" />
<meta property="og:url" content="https://luiscarnicero.es/?page_id=1669" />
<meta property="og:site_name" content="Luis Carnicero" />
<meta property="article:modified_time" content="2017-11-23T15:31:33+00:00" />
<meta property="og:image" content="http://zetaestaticos.com/leon/img/noticias/1/202/1202567_1.jpg" />
<meta name="twitter:card" content="summary_large_image" />
<meta name="twitter:label1" content="Tiempo de lectura" />
	<meta name="twitter:data1" content="2 minutos" />
<script type="application/ld+json" class="yoast-schema-graph">{"@context":"https://schema.org","@graph":[{"@type":"WebPage","@id":"https://luiscarnicero.es/?page_id=1669","url":"https://luiscarnicero.es/?page_id=1669","name":"Un Pozo y Cuatro Espejos Selénicos - Luis Carnicero","isPartOf":{"@id":"https://luiscarnicero.es/#website"},"primaryImageOfPage":{"@id":"https://luiscarnicero.es/?page_id=1669#primaryimage"},"image":{"@id":"https://luiscarnicero.es/?page_id=1669#primaryimage"},"thumbnailUrl":"http://zetaestaticos.com/leon/img/noticias/1/202/1202567_1.jpg","datePublished":"2017-11-23T15:20:23+00:00","dateModified":"2017-11-23T15:31:33+00:00","breadcrumb":{"@id":"https://luiscarnicero.es/?page_id=1669#breadcrumb"},"inLanguage":"es","potentialAction":[{"@type":"ReadAction","target":["https://luiscarnicero.es/?page_id=1669"]}]},{"@type":"ImageObject","inLanguage":"es","@id":"https://luiscarnicero.es/?page_id=1669#primaryimage","url":"http://zetaestaticos.com/leon/img/noticias/1/202/1202567_1.jpg","contentUrl":"http://zetaestaticos.com/leon/img/noticias/1/202/1202567_1.jpg"},{"@type":"BreadcrumbList","@id":"https://luiscarnicero.es/?page_id=1669#breadcrumb","itemListElement":[{"@type":"ListItem","position":1,"name":"Portada","item":"https://luiscarnicero.es/"},{"@type":"ListItem","position":2,"name":"Un Pozo y Cuatro Espejos Selénicos"}]},{"@type":"WebSite","@id":"https://luiscarnicero.es/#website","url":"https://luiscarnicero.es/","name":"Luis Carnicero","description":"Arquitecto y poeta","potentialAction":[{"@type":"SearchAction","target":{"@type":"EntryPoint","urlTemplate":"https://luiscarnicero.es/?s={search_term_string}"},"query-input":{"@type":"PropertyValueSpecification","valueRequired":true,"valueName":"search_term_string"}}],"inLanguage":"es"}]}</script>
<!-- / Yoast SEO plugin. -->

Un Pozo y Cuatro Espejos Selénicos - Luis Carnicero

&nbsp; Acaso lo intuí, o lo soñé, al verla: todo cuanto existe es forma nombrada en un paisaje, y la realidad no es sino la representación que nos hacemos, cámara oscura, pura visualidad. Fue en una atardecida, de muchacho. Tras haber mirado desde lo alto la provincia —desde uno de los dos pechos del Omaña— [&hellip;]
