{"id":1689,"date":"2017-11-24T12:21:59","date_gmt":"2017-11-24T12:21:59","guid":{"rendered":"http:\/\/luiscarnicero.es\/?page_id=1689"},"modified":"2017-11-24T12:26:56","modified_gmt":"2017-11-24T12:26:56","slug":"trazas-del-agua-2","status":"publish","type":"page","link":"https:\/\/luiscarnicero.es\/?page_id=1689","title":{"rendered":"Trazas del Agua"},"content":{"rendered":"<p>&nbsp;<\/p>\n<p><a class=\"LightBox\" title=\"luis carnicero - \" href=\"http:\/\/zetaestaticos.com\/leon\/img\/noticias\/1\/206\/1206287_1.jpg\"><img decoding=\"async\" title=\"luis carnicero - \" src=\"http:\/\/zetaestaticos.com\/leon\/img\/noticias\/1\/206\/1206287_1.jpg\" alt=\"luis carnicero - \" width=\"100%\" \/><\/a><\/p>\n<p>Miramos a lo alto, hacia la cumbre en la que un d\u00eda levantamos, con velas de lino, las paredes de una casa fugaz para los cuatro elementos.<\/p>\n<p>Donde Fuego arrasara en verano hect\u00e1reas de monte; donde Tierra, embadurnada a\u00fan con sudor de cenizas, se duele de restos de tocones quemados, ahora Aire intenta aromarse con rebrotes de carqueisas, brezos, piornos, escobas\u2026humedecido un instante con saliva de luz. \u00bfY Agua?<\/p>\n<p>Con la mente en la sequedad de los pantanos, sin nubes, sin nieves, hab\u00edamos ido a Pe\u00f1a Aguda en busca del agua. Entre restos de un mar petrificado, en la incipiente ma\u00f1ana \u2014s\u00f3lo cruzada por el aleteo de un \u00e1guila y el paso de ciervos sedientos\u2014 nos lami\u00f3 una lengua de sombra dividiendo el valle en abeseo y solana zurcidos por manos: las sabias, de Naturaleza, dibujando lazadas con cauces sumisos, con cenefas de humeiros, intentando acopiar torrenteras, arroyos\u2026 abrevando al Sil; y, las listas, del hombre, que tallaron la roca y el barro con laber\u00ednticos carriles que condujeran el oro, parodiando al Sol.<\/p>\n<p>Observamos honduras\u2026 pero no estaba el agua y, en su ausencia, medimos quebradas, anchuras\u2026 y, en la cuna del agua, gritamos caricias: caba rera, r\u00edo r\u00edo, Cabrera, r\u00edo r\u00edo, r\u00edo Cabo\u2026 nombres del agua.<\/p>\n<p>Cercano ya el mediod\u00eda, desde la mirada al oeste en Llamas, volvimos nuestros pasos al este, hacia Xandillamas: a Pozos. Desde all\u00ed caminamos como entre m\u00e1scaras y monstruos de piedra \u2014con Pe\u00f1a Negra ocultando el perfil de Tilenus\u2014 descendiendo a la negrura, a Aguas Altas, a la armon\u00eda y la fuerza, al estanque donde Fuego dejaba, en cristales licuados, esparabanes de plata y de oro caligrafiando el misterio, donde Aire alisaba su voz de ebriedad en verticales de abismos, de abedules, robles, alisos, servales\u2026 donde fuimos conscientes de la temporalidad de la tarde.<\/p>\n<p>Fluyendo \u2014belleza y ejemplo\u2014 en la cascada contemplamos desbordadas las trazas heladas \u2014desnudez brotando?\u2014 el don que Tierra guarda y purifica en su seno: fin\u00edsimos brazos y largu\u00edsimas piernas, sagrada virgen, Agua Dios.<\/p>\n","protected":false},"excerpt":{"rendered":"<p>&nbsp; Miramos a lo alto, hacia la cumbre en la que un d\u00eda levantamos, con velas de lino, las paredes de una casa fugaz para los cuatro elementos. Donde Fuego arrasara en verano hect\u00e1reas de monte; donde Tierra, embadurnada a\u00fan con sudor de cenizas, se duele de restos de tocones quemados, ahora Aire intenta aromarse [&hellip;]<\/p>\n","protected":false},"author":1,"featured_media":0,"parent":0,"menu_order":0,"comment_status":"closed","ping_status":"open","template":"","meta":{"footnotes":""},"class_list":["post-1689","page","type-page","status-publish","hentry"],"yoast_head":"<!-- This site is optimized with the Yoast SEO plugin v26.7 - https:\/\/yoast.com\/wordpress\/plugins\/seo\/ -->\n<title>Trazas del Agua - Luis Carnicero<\/title>\n<meta name=\"robots\" content=\"index, follow, max-snippet:-1, max-image-preview:large, max-video-preview:-1\" \/>\n<link rel=\"canonical\" href=\"https:\/\/luiscarnicero.es\/?page_id=1689\" \/>\n<meta property=\"og:locale\" content=\"es_ES\" \/>\n<meta property=\"og:type\" content=\"article\" \/>\n<meta property=\"og:title\" content=\"Trazas del Agua - Luis Carnicero\" \/>\n<meta property=\"og:description\" content=\"&nbsp; Miramos a lo alto, hacia la cumbre en la que un d\u00eda levantamos, con velas de lino, las paredes de una casa fugaz para los cuatro elementos. Donde Fuego arrasara en verano hect\u00e1reas de monte; donde Tierra, embadurnada a\u00fan con sudor de cenizas, se duele de restos de tocones quemados, ahora Aire intenta aromarse [&hellip;]\" \/>\n<meta property=\"og:url\" content=\"https:\/\/luiscarnicero.es\/?page_id=1689\" \/>\n<meta property=\"og:site_name\" content=\"Luis Carnicero\" \/>\n<meta property=\"article:modified_time\" content=\"2017-11-24T12:26:56+00:00\" \/>\n<meta property=\"og:image\" content=\"http:\/\/zetaestaticos.com\/leon\/img\/noticias\/1\/206\/1206287_1.jpg\" \/>\n<meta name=\"twitter:card\" content=\"summary_large_image\" \/>\n<meta name=\"twitter:label1\" content=\"Tiempo de lectura\" \/>\n\t<meta name=\"twitter:data1\" content=\"2 minutos\" \/>\n<script type=\"application\/ld+json\" class=\"yoast-schema-graph\">{\"@context\":\"https:\/\/schema.org\",\"@graph\":[{\"@type\":\"WebPage\",\"@id\":\"https:\/\/luiscarnicero.es\/?page_id=1689\",\"url\":\"https:\/\/luiscarnicero.es\/?page_id=1689\",\"name\":\"Trazas del Agua - Luis Carnicero\",\"isPartOf\":{\"@id\":\"https:\/\/luiscarnicero.es\/#website\"},\"primaryImageOfPage\":{\"@id\":\"https:\/\/luiscarnicero.es\/?page_id=1689#primaryimage\"},\"image\":{\"@id\":\"https:\/\/luiscarnicero.es\/?page_id=1689#primaryimage\"},\"thumbnailUrl\":\"http:\/\/zetaestaticos.com\/leon\/img\/noticias\/1\/206\/1206287_1.jpg\",\"datePublished\":\"2017-11-24T12:21:59+00:00\",\"dateModified\":\"2017-11-24T12:26:56+00:00\",\"breadcrumb\":{\"@id\":\"https:\/\/luiscarnicero.es\/?page_id=1689#breadcrumb\"},\"inLanguage\":\"es\",\"potentialAction\":[{\"@type\":\"ReadAction\",\"target\":[\"https:\/\/luiscarnicero.es\/?page_id=1689\"]}]},{\"@type\":\"ImageObject\",\"inLanguage\":\"es\",\"@id\":\"https:\/\/luiscarnicero.es\/?page_id=1689#primaryimage\",\"url\":\"http:\/\/zetaestaticos.com\/leon\/img\/noticias\/1\/206\/1206287_1.jpg\",\"contentUrl\":\"http:\/\/zetaestaticos.com\/leon\/img\/noticias\/1\/206\/1206287_1.jpg\"},{\"@type\":\"BreadcrumbList\",\"@id\":\"https:\/\/luiscarnicero.es\/?page_id=1689#breadcrumb\",\"itemListElement\":[{\"@type\":\"ListItem\",\"position\":1,\"name\":\"Portada\",\"item\":\"https:\/\/luiscarnicero.es\/\"},{\"@type\":\"ListItem\",\"position\":2,\"name\":\"Trazas del Agua\"}]},{\"@type\":\"WebSite\",\"@id\":\"https:\/\/luiscarnicero.es\/#website\",\"url\":\"https:\/\/luiscarnicero.es\/\",\"name\":\"Luis Carnicero\",\"description\":\"Arquitecto y poeta\",\"potentialAction\":[{\"@type\":\"SearchAction\",\"target\":{\"@type\":\"EntryPoint\",\"urlTemplate\":\"https:\/\/luiscarnicero.es\/?s={search_term_string}\"},\"query-input\":{\"@type\":\"PropertyValueSpecification\",\"valueRequired\":true,\"valueName\":\"search_term_string\"}}],\"inLanguage\":\"es\"}]}<\/script>\n<!-- \/ Yoast SEO plugin. -->","yoast_head_json":{"title":"Trazas del Agua - Luis Carnicero","robots":{"index":"index","follow":"follow","max-snippet":"max-snippet:-1","max-image-preview":"max-image-preview:large","max-video-preview":"max-video-preview:-1"},"canonical":"https:\/\/luiscarnicero.es\/?page_id=1689","og_locale":"es_ES","og_type":"article","og_title":"Trazas del Agua - Luis Carnicero","og_description":"&nbsp; Miramos a lo alto, hacia la cumbre en la que un d\u00eda levantamos, con velas de lino, las paredes de una casa fugaz para los cuatro elementos. Donde Fuego arrasara en verano hect\u00e1reas de monte; donde Tierra, embadurnada a\u00fan con sudor de cenizas, se duele de restos de tocones quemados, ahora Aire intenta aromarse [&hellip;]","og_url":"https:\/\/luiscarnicero.es\/?page_id=1689","og_site_name":"Luis Carnicero","article_modified_time":"2017-11-24T12:26:56+00:00","og_image":[{"url":"http:\/\/zetaestaticos.com\/leon\/img\/noticias\/1\/206\/1206287_1.jpg","type":"","width":"","height":""}],"twitter_card":"summary_large_image","twitter_misc":{"Tiempo de lectura":"2 minutos"},"schema":{"@context":"https:\/\/schema.org","@graph":[{"@type":"WebPage","@id":"https:\/\/luiscarnicero.es\/?page_id=1689","url":"https:\/\/luiscarnicero.es\/?page_id=1689","name":"Trazas del Agua - Luis Carnicero","isPartOf":{"@id":"https:\/\/luiscarnicero.es\/#website"},"primaryImageOfPage":{"@id":"https:\/\/luiscarnicero.es\/?page_id=1689#primaryimage"},"image":{"@id":"https:\/\/luiscarnicero.es\/?page_id=1689#primaryimage"},"thumbnailUrl":"http:\/\/zetaestaticos.com\/leon\/img\/noticias\/1\/206\/1206287_1.jpg","datePublished":"2017-11-24T12:21:59+00:00","dateModified":"2017-11-24T12:26:56+00:00","breadcrumb":{"@id":"https:\/\/luiscarnicero.es\/?page_id=1689#breadcrumb"},"inLanguage":"es","potentialAction":[{"@type":"ReadAction","target":["https:\/\/luiscarnicero.es\/?page_id=1689"]}]},{"@type":"ImageObject","inLanguage":"es","@id":"https:\/\/luiscarnicero.es\/?page_id=1689#primaryimage","url":"http:\/\/zetaestaticos.com\/leon\/img\/noticias\/1\/206\/1206287_1.jpg","contentUrl":"http:\/\/zetaestaticos.com\/leon\/img\/noticias\/1\/206\/1206287_1.jpg"},{"@type":"BreadcrumbList","@id":"https:\/\/luiscarnicero.es\/?page_id=1689#breadcrumb","itemListElement":[{"@type":"ListItem","position":1,"name":"Portada","item":"https:\/\/luiscarnicero.es\/"},{"@type":"ListItem","position":2,"name":"Trazas del Agua"}]},{"@type":"WebSite","@id":"https:\/\/luiscarnicero.es\/#website","url":"https:\/\/luiscarnicero.es\/","name":"Luis Carnicero","description":"Arquitecto y poeta","potentialAction":[{"@type":"SearchAction","target":{"@type":"EntryPoint","urlTemplate":"https:\/\/luiscarnicero.es\/?s={search_term_string}"},"query-input":{"@type":"PropertyValueSpecification","valueRequired":true,"valueName":"search_term_string"}}],"inLanguage":"es"}]}},"_links":{"self":[{"href":"https:\/\/luiscarnicero.es\/index.php?rest_route=\/wp\/v2\/pages\/1689","targetHints":{"allow":["GET"]}}],"collection":[{"href":"https:\/\/luiscarnicero.es\/index.php?rest_route=\/wp\/v2\/pages"}],"about":[{"href":"https:\/\/luiscarnicero.es\/index.php?rest_route=\/wp\/v2\/types\/page"}],"author":[{"embeddable":true,"href":"https:\/\/luiscarnicero.es\/index.php?rest_route=\/wp\/v2\/users\/1"}],"replies":[{"embeddable":true,"href":"https:\/\/luiscarnicero.es\/index.php?rest_route=%2Fwp%2Fv2%2Fcomments&post=1689"}],"version-history":[{"count":3,"href":"https:\/\/luiscarnicero.es\/index.php?rest_route=\/wp\/v2\/pages\/1689\/revisions"}],"predecessor-version":[{"id":1694,"href":"https:\/\/luiscarnicero.es\/index.php?rest_route=\/wp\/v2\/pages\/1689\/revisions\/1694"}],"wp:attachment":[{"href":"https:\/\/luiscarnicero.es\/index.php?rest_route=%2Fwp%2Fv2%2Fmedia&parent=1689"}],"curies":[{"name":"wp","href":"https:\/\/api.w.org\/{rel}","templated":true}]}}

<p>&nbsp;</p>
<p><a class="LightBox" title="luis carnicero - " href="http://zetaestaticos.com/leon/img/noticias/1/206/1206287_1.jpg"><img decoding="async" title="luis carnicero - " src="http://zetaestaticos.com/leon/img/noticias/1/206/1206287_1.jpg" alt="luis carnicero - " width="100%" /></a></p>
<p>Miramos a lo alto, hacia la cumbre en la que un día levantamos, con velas de lino, las paredes de una casa fugaz para los cuatro elementos.</p>
<p>Donde Fuego arrasara en verano hectáreas de monte; donde Tierra, embadurnada aún con sudor de cenizas, se duele de restos de tocones quemados, ahora Aire intenta aromarse con rebrotes de carqueisas, brezos, piornos, escobas…humedecido un instante con saliva de luz. ¿Y Agua?</p>
<p>Con la mente en la sequedad de los pantanos, sin nubes, sin nieves, habíamos ido a Peña Aguda en busca del agua. Entre restos de un mar petrificado, en la incipiente mañana —sólo cruzada por el aleteo de un águila y el paso de ciervos sedientos— nos lamió una lengua de sombra dividiendo el valle en abeseo y solana zurcidos por manos: las sabias, de Naturaleza, dibujando lazadas con cauces sumisos, con cenefas de humeiros, intentando acopiar torrenteras, arroyos… abrevando al Sil; y, las listas, del hombre, que tallaron la roca y el barro con laberínticos carriles que condujeran el oro, parodiando al Sol.</p>
<p>Observamos honduras… pero no estaba el agua y, en su ausencia, medimos quebradas, anchuras… y, en la cuna del agua, gritamos caricias: caba rera, río río, Cabrera, río río, río Cabo… nombres del agua.</p>
<p>Cercano ya el mediodía, desde la mirada al oeste en Llamas, volvimos nuestros pasos al este, hacia Xandillamas: a Pozos. Desde allí caminamos como entre máscaras y monstruos de piedra —con Peña Negra ocultando el perfil de Tilenus— descendiendo a la negrura, a Aguas Altas, a la armonía y la fuerza, al estanque donde Fuego dejaba, en cristales licuados, esparabanes de plata y de oro caligrafiando el misterio, donde Aire alisaba su voz de ebriedad en verticales de abismos, de abedules, robles, alisos, servales… donde fuimos conscientes de la temporalidad de la tarde.</p>
<p>Fluyendo —belleza y ejemplo— en la cascada contemplamos desbordadas las trazas heladas —desnudez brotando?— el don que Tierra guarda y purifica en su seno: finísimos brazos y larguísimas piernas, sagrada virgen, Agua Dios.</p>

<p>&nbsp; Miramos a lo alto, hacia la cumbre en la que un día levantamos, con velas de lino, las paredes de una casa fugaz para los cuatro elementos. Donde Fuego arrasara en verano hectáreas de monte; donde Tierra, embadurnada aún con sudor de cenizas, se duele de restos de tocones quemados, ahora Aire intenta aromarse [&hellip;]</p>

<!-- This site is optimized with the Yoast SEO plugin v26.7 - https://yoast.com/wordpress/plugins/seo/ -->
<title>Trazas del Agua - Luis Carnicero</title>
<meta name="robots" content="index, follow, max-snippet:-1, max-image-preview:large, max-video-preview:-1" />
<link rel="canonical" href="https://luiscarnicero.es/?page_id=1689" />
<meta property="og:locale" content="es_ES" />
<meta property="og:type" content="article" />
<meta property="og:title" content="Trazas del Agua - Luis Carnicero" />
<meta property="og:description" content="&nbsp; Miramos a lo alto, hacia la cumbre en la que un día levantamos, con velas de lino, las paredes de una casa fugaz para los cuatro elementos. Donde Fuego arrasara en verano hectáreas de monte; donde Tierra, embadurnada aún con sudor de cenizas, se duele de restos de tocones quemados, ahora Aire intenta aromarse [&hellip;]" />
<meta property="og:url" content="https://luiscarnicero.es/?page_id=1689" />
<meta property="og:site_name" content="Luis Carnicero" />
<meta property="article:modified_time" content="2017-11-24T12:26:56+00:00" />
<meta property="og:image" content="http://zetaestaticos.com/leon/img/noticias/1/206/1206287_1.jpg" />
<meta name="twitter:card" content="summary_large_image" />
<meta name="twitter:label1" content="Tiempo de lectura" />
	<meta name="twitter:data1" content="2 minutos" />
<script type="application/ld+json" class="yoast-schema-graph">{"@context":"https://schema.org","@graph":[{"@type":"WebPage","@id":"https://luiscarnicero.es/?page_id=1689","url":"https://luiscarnicero.es/?page_id=1689","name":"Trazas del Agua - Luis Carnicero","isPartOf":{"@id":"https://luiscarnicero.es/#website"},"primaryImageOfPage":{"@id":"https://luiscarnicero.es/?page_id=1689#primaryimage"},"image":{"@id":"https://luiscarnicero.es/?page_id=1689#primaryimage"},"thumbnailUrl":"http://zetaestaticos.com/leon/img/noticias/1/206/1206287_1.jpg","datePublished":"2017-11-24T12:21:59+00:00","dateModified":"2017-11-24T12:26:56+00:00","breadcrumb":{"@id":"https://luiscarnicero.es/?page_id=1689#breadcrumb"},"inLanguage":"es","potentialAction":[{"@type":"ReadAction","target":["https://luiscarnicero.es/?page_id=1689"]}]},{"@type":"ImageObject","inLanguage":"es","@id":"https://luiscarnicero.es/?page_id=1689#primaryimage","url":"http://zetaestaticos.com/leon/img/noticias/1/206/1206287_1.jpg","contentUrl":"http://zetaestaticos.com/leon/img/noticias/1/206/1206287_1.jpg"},{"@type":"BreadcrumbList","@id":"https://luiscarnicero.es/?page_id=1689#breadcrumb","itemListElement":[{"@type":"ListItem","position":1,"name":"Portada","item":"https://luiscarnicero.es/"},{"@type":"ListItem","position":2,"name":"Trazas del Agua"}]},{"@type":"WebSite","@id":"https://luiscarnicero.es/#website","url":"https://luiscarnicero.es/","name":"Luis Carnicero","description":"Arquitecto y poeta","potentialAction":[{"@type":"SearchAction","target":{"@type":"EntryPoint","urlTemplate":"https://luiscarnicero.es/?s={search_term_string}"},"query-input":{"@type":"PropertyValueSpecification","valueRequired":true,"valueName":"search_term_string"}}],"inLanguage":"es"}]}</script>
<!-- / Yoast SEO plugin. -->

&nbsp; Miramos a lo alto, hacia la cumbre en la que un día levantamos, con velas de lino, las paredes de una casa fugaz para los cuatro elementos. Donde Fuego arrasara en verano hectáreas de monte; donde Tierra, embadurnada aún con sudor de cenizas, se duele de restos de tocones quemados, ahora Aire intenta aromarse [&hellip;]
